ided by 7.
1
Calculate the remainder when 6784714 is divided by 89272.
42
What is the remainder when 25648933 is divided by 459?
13
Calculate the remainder when 13841369 is divided by 9.
8
Calculate the remainder when 210672 is divided by 11081.
133
What is the remainder when 7468497 is divided by 2959?
2940
Calculate the remainder when 285987 is divided by 22864.
11619
What is the remainder when 49145838 is divided by 204?
198
Calculate the remainder when 1041953 is divided by 2771.
57
What is the remainder when 90965447 is divided by 12050?
12047
What is the remainder when 10946174 is divided by 199?
179
Calculate the remainder when 283584 is divided by 140652.
2280
Calculate the remainder when 6294547 is divided by 118765.
2
What is the remainder when 346840 is divided by 4336?
4296
What is the remainder when 15634748 is divided by 149?
29
What is the remainder when 1532947 is divided by 314?
313
What is the remainder when 6373270 is divided by 3186549?
172
Calculate the remainder when 21607 is divided by 2628.
583
Calculate the remainder when 7795491 is divided by 6076.
6059
What is the remainder when 5345378 is divided by 42?
38
What is the remainder when 1231406 is divided by 72428?
130
Calculate the remainder when 2509504 is divided by 1959.
25
Calculate the remainder when 527426 is divided by 202.
4
Calculate the remainder when 84942 is divided by 14102.
330
What is the remainder when 13818160 is divided by 690908?
0
What is the remainder when 82819798 is divided by 21?
19
What is the remainder when 15194050 is divided by 3798504?
34
Calculate the remainder when 3253941 is divided by 174.
141
What is the remainder when 982442 is divided by 79?
77
Calculate the remainder when 76445 is divided by 3184.
29
What is the remainder when 2589897 is divided by 41772?
33
Calculate the remainder when 1784422 is divided by 594788.
58
Calculate the remainder when 9178532 is divided by 49083.
11
What is the remainder when 148620 is divided by 18361?
1732
What is the remainder when 109334 is divided by 8953?
1898
What is the remainder when 770222 is divided by 650?
622
What is the remainder when 194212 is divided by 194200?
12
Calculate the remainder when 12856823 is divided by 25.
23
Calculate the remainder when 301856 is divided by 4444.
4108
What is the remainder when 103083058 is divided by 14?
8
Calculate the remainder when 18515 is divided by 2569.
532
Calculate the remainder when 23250843 is divided by 175.
168
What is the remainder when 111334 is divided by 711?
418
Calculate the remainder when 1919157 is divided by 265.
27
Calculate the remainder when 12529203 is divided by 305590.
13
What is the remainder when 38139 is divided by 18577?
985
Calculate the remainder when 15614781 is divided by 5204856.
213
What is the remainder when 3949902 is divided by 10792?
30
What is the remainder when 9088914 is divided by 4595?
4
What is the remainder when 3562436 is divided by 8482?
8478
Calculate the remainder when 122111 is divided by 57644.
6823
Calculate the remainder when 70319 is divided by 5.
4
What is the remainder when 200863 is divided by 21?
19
Calculate the remainder when 51467 is divided by 25373.
721
What is the remainder when 373735 is divided by 733?
638
Calculate the remainder when 735268 is divided by 24507.
58
Calculate the remainder when 1194531 is divided by 124.
39
Calculate the remainder when 2234547 is divided by 120.
27
Calculate the remainder when 929193 is divided by 340.
313
Calculate the remainder when 524007 is divided by 221.
16
What is the remainder when 5849820 is divided by 127168?
92
What is the remainder when 4945237 is divided by 826?
801
Calculate the remainder when 1090115349 is divided by 10566.
10563
Calculate the remainder when 3722383 is divided by 30018.
151
Calculate the remainder when 43034974 is divided by 27.
25
Calculate the remainder when 12132746 is divided by 29520.
26
What is the remainder when 515720 is divided by 436?
368
What is the remainder when 3894729 is divided by 75?
54
What is the remainder when 13368 is divided by 537?
480
Calculate the remainder when 17735533 is divided by 728.
725
What is the remainder when 4942370 is divided by 2622?
2522
What is the remainder when 804366 is divided by 6934?
22
Calculate the remainder when 5257891 is divided by 11187.
1
What is the remainder when 46547 is divided by 11354?
1131
Calculate the remainder when 13161555 is divided by 572240.
35
What is the remainder when 6777 is divided by 1611?
333
What is the remainder when 834839 is divided by 1467?
116
Calculate the remainder when 68773237 is divided by 392.
365
What is the remainder when 2816510 is divided by 128001?
488
What is the remainder when 1493215 is divided by 28714?
87
Calculate the remainder when 153507127 is divided by 10.
7
What is the remainder when 1216896 is divided by 2169?
87
What is the remainder when 1381015 is divided by 345243?
43
Calculate the remainder when 771843 is divided by 18377.
9
What is the remainder when 23031404 is divided by 96?
44
What is the remainder when 8496127 is divided by 64?
63
Calculate the remainder when 597554 is divided by 183.
59
What is the remainder when 806655 is divided by 214?
89
What is the remainder when 6510355 is divided by 588?
19
Calculate the remainder when 2496612 is divided by 11612.
32
Calculate the remainder when 401246998 is divided by 825.
823
Calculate the remainder when 6398387 is divided by 65.
47
Calculate the remainder when 7779054 is divided by 24853.
65
Calculate the remainder when 5482924 is divided by 1096583.
9
What is the remainder when 6516037 is divided by 3526?
3515
What is the remainder when 52886289 is divided by 10577253?
24
Calculate the remainder when 434607569 is divided by 39.
32
Calculate the remainder when 1782696 is divided by 112.
104
Calculate the remainder when 15757742 is divided by 6019.
0
Calculate the remainder when 48261 is divided by 2352.
1221
Calculate the remainder when 928424 is divided by 29839.
3415
What is the remainder when 2960260 is divided by 53816?
380
Calculate the remainder when 7140579 is divided by 19.
18
Calculate the remainder when 18906023 is divided by 39.
32
What is the remainder when 2964284 is divided by 96?
92
What is the remainder when 219591399 is divided by 106?
103
Calculate the remainder when 56579444 is divided by 1028717.
9
Calculate the remainder when 112674 is divided by 27496.
2690
Calculate the remainder when 16698039 is divided by 9.
6
What is the remainder when 39091 is divided by 734?
189
Calculate the remainder when 1027472 is divided by 256778.
360
Calculate the remainder when 206800681 is divided by 986.
985
Calculate the remainder when 43746227 is divided by 303.
299
Calculate the remainder when 778397 is divided by 778381.
16
Calculate the remainder when 7059 is divided by 6810.
249
Calculate the remainder when 28071 is divided by 26359.
1712
What is the remainder when 10416053 is divided by 1?
0
Calculate the remainder when 2767562 is divided by 62899.
6
What is the remainder when 61919814 is divided by 38?
30
What is the remainder when 1077567 is divided by 3410?
7
Calculate the remainder when 22494 is divided by 10708.
1078
Calculate the remainder when 10132794 is divided by 21154.
28
What is the remainder when 5654068 is divided by 565?
113
What is the remainder when 8085531 is divided by 255?
246
Calculate the remainder when 536353 is divided by 59588.
61
What is the remainder when 94311 is divided by 14565?
6921
What is the remainder when 3917544 is divided by 1958737?
70
Calculate the remainder when 811138 is divided by 202765.
78
What is the remainder when 2521 is divided by 2286?
235
What is the remainder when 17240308 is divided by 2155022?
132
What is the remainder when 17821039 is divided by 3239?
61
Calculate the remainder when 1948171 is divided by 68.
39
What is the remainder when 3856801 is divided by 192840?
1
What is the remainder when 82233 is divided by 27190?
663
What is the remainder when 606773 is divided by 5187?
5081
Calculate the remainder when 124486 is divided by 31055.
266
Calculate the remainder when 4308516 is divided by 719.
268
What is the remainder when 36514585 is divided by 480455?
5
Calculate the remainder when 88674 is 